. Let v(f) = 3*f + 15. Let y be v(-7). What are the prime factors of k(y)?
2
Suppose 41*k + 30 = 46*k. List the prime factors of k.
2, 3
Let f(i) = -i**2 + 8*i + 7. Let b be f(6). Let l = b - 7. Suppose -4*a = -2*s - a + l, 0 = 5*s - a - 30. What are the prime factors of s?
2, 3
Let x = 19 - 12. Suppose x*q = 4*q. What are the prime factors of 1*(-3 + q)*-5?
3, 5
Let h = -11 - -23. Suppose 6*r = 3*r + h. Suppose 3*c - 8*c + 2*l + 28 = 0, r = 5*c + 4*l. What are the prime factors of c?
2
Let w = -21 + 36. Suppose 5*g - 1 = i + 4, g + 3*i + w = 0. Suppose g*l + l + 12 = 2*o, -o + 4 = -l. List the prime factors of o.
2
Let u = 389 + -191. List the prime factors of u.
2, 3, 11
Suppose 3*p - 24 = -4*y, -6 = 5*y + 5*p - 41. Suppose -y*d = 4*k + d, -5*d = 25. Let r = k + 5. What are the prime factors of r?
2, 5
Let m(g) = g**3 - 3*g**2 + g + 1. Let a be m(3). Suppose -5*s - 14 = 2*z - s, -a*z - 3*s = 3. List the prime factors of z.
3
Suppose 0 = -9*c + 11*c - 6. What are the prime factors of c?
3
Suppose 0 = -2*m - v - 1, -2*m - v = 2*m + 5. Let d = m + 7. List the prime factors of d.
5
Let x = 266 - 132. What are the prime factors of x?
2, 67
Suppose -3*c + y = -2*c + 4, -5*y - 7 = 4*c. Let n(k) = -k**2 - 2*k - 3. Let u be n(c). Let g(o) = o + 11. List the prime factors of g(u).
5
Let y be (-43)/(-2 + -1 + 2). Let i = y - 26. What are the prime factors of i?
17
Let m be (-21)/(-9) - 2/6. Let j = m + 3. Suppose 2*u + 3 - 13 = -t, j*u - 24 = -3*t. List the prime factors of u.
2, 3
Let n = -2 - -2. Suppose n = 4*x - 3*w - 61, x - 4*x - 5*w + 24 = 0. List the prime factors of x.
13
Let y = -7 + 3. Let a be (4 - 0)/(y/10). Let v = a - -21. What are the prime factors of v?
11
Let q(j) = j + 1. Let m be q(-1). Suppose m*c + c = 11. What are the prime factors of c?
11
Let w be 10*(3 - (0 + -1)). Suppose -2*o - 4 = 4*r, -5*o + 4*o + 22 = -4*r. Suppose f = o*f - w. What are the prime factors of f?
2
Suppose 0 = -4*b + 4*m - 4, -5 = -4*m + 7. Suppose -11 - 24 = -3*t - b*j, 10 = -5*j. List the prime factors of t.
13
Let d(o) = -16*o**3 - o**2 + 3*o + 2. Let b be d(-2). Suppose 3*y + 2*y = b. Suppose 0 = -0*g + 4*g - y. What are the prime factors of g?
2, 3
Suppose 0 = 5*q - 4*q. Suppose -5*f = k - 10, 10 = -q*k + 3*k - 5*f. Suppose -10 = -4*u + b, 0*b = -k*u + 2*b + 11. What are the prime factors of u?
3
Let x be 8/(-16)*(-1 - -5). Let f be (x/(-4))/((-5)/(-10)). List the prime factors of (-159)/(-9) + f/3.
2, 3
Let g = -68 + 28. Let l = g - -64. List the prime factors of (l/(-20))/(2/(-20)).
2, 3
Let n(o) = o**3 - 5*o**2 + 5*o. Let s be n(4). Suppose 2 + 1 = -a + 2*w, 5*w = -s*a + 14. Let u = 14 - a. List the prime factors of u.
13
Let t be 26/(-4) - 10/(-20). Let d(m) = -28*m + 2. Let q be d(2). What are the prime factors of (2/t)/(6/q)?
3
Suppose 167 + 12 = n. List the prime factors of n.
179
Suppose 4*l - 8*l + 8 = 0. Let m(g) = 24*g + 4. What are the prime factors of m(l)?
2, 13
Suppose -7*d + 132 + 274 = 0. List the prime factors of d.
2, 29
Let w(c) = 5*c**2 - 2*c - 15. What are the prime factors of w(-5)?
2, 3, 5
Let i = -13 + 18. Suppose 0*d = d - 2*u - 10, 0 = -i*d - 5*u - 25. Suppose d*l = l - 7. List the prime factors of l.
7
What are the prime factors of 12 - -6*(-1)/(-2)?
3, 5
Let u(j) = -j**3 - 9*j**2 + 5. Let g be u(-9). Suppose -g*y + 1 = 11. Let a(r) = -r**3 - 2*r - 3. List the prime factors of a(y).
3
Let o = 6 - 6. Suppose 4*p + 3*h = -0*p + 30, -2*p + 5*h + 2 = o. What are the prime factors of p?
2, 3
Let y(s) = 9*s + 5. List the prime factors of y(3).
2
Suppose 4*w - 51 = w. What are the prime factors of w?
17
What are the prime factors of 1 - (-32 - 0/(-2))?
3, 11
Let l(u) = u**3 - 2*u**2 - 4. Let x be l(3). Suppose -x*o = -0*o. Suppose 0*i + 9 = 2*v - 3*i, o = v - 4*i - 2. List the prime factors of v.
2, 3
Let i(w) = w**3 - 4*w**2. Let y be i(6). Suppose h = 5*h - y. List the prime factors of h.
2, 3
Let q(o) = -o + 11. Let j be q(9). Suppose -2*k - 4 = 0, 2 - 6 = -g + 4*k. Let d = j - g. List the prime factors of d.
2, 3
Let x(y) = 7*y**2 + 2*y + 16. Let v(t) = 3*t**2 + t + 8. Let i(f) = 5*v(f) - 2*x(f). List the prime factors of i(0).
2
Let m be (-2)/((-1)/(18/(-4))). Let l = m + 17. List the prime factors of l.
2
Suppose 3*y - y = -3*f, -5*y = 4*f. Suppose -v - 4*r + 2*r - 17 = y, -33 = 3*v - 3*r. List the prime factors of (-3)/(0 - -3) - v.
2, 3
Let u = 4 + -1. Suppose 3*v - 5*f = 11 + 2, 3*f = u*v - 9. Suppose 5 = 2*j + v. List the prime factors of j.
2
Suppose 192 - 60 = 4*j. Let b = -2 + j. Suppose 9 = 5*x - b. What are the prime factors of x?
2
Suppose -9 = -3*q - l, 3*q - 9 = l - 0. What are the prime factors of (24 - 0)/2 - q?
3
Suppose 0 = 4*x + x + 70. Let b = -1 - x. List the prime factors of b.
13
Let y = 81 + -30. List the prime factors of y.
3, 17
Suppose -3*j = -4*j - 5. Let b = j - -8. List the prime factors of b.
3
Suppose 1700 = 7*t + 3*t. List the prime factors of t.
2, 5, 17
Let q = -5 - -7. Suppose r + 0*r - q = 0. Suppose -b + r = -4. What are the prime factors of b?
2, 3
Let t(m) = -m + 16. Let z be t(9). Suppose 4*q - 17 = -2*a - z, -4*q + 4*a + 16 = 0. List the prime factors of 1/(-1) + (9 - q).
5
Let k(b) = -b**3 + 7*b**2 + 9*b - 8. Let g be k(8). Let n be g - -2 - 3/1. List the prime factors of 14/(n - 3*-1).
7
Let z(y) = -y**3 + 5*y**2 + y. Let f = -12 - -2. Let x(t) = -t**3 - 10*t**2 - t - 5. Let i be x(f). List the prime factors of z(i).
5
Suppose 14*t - 136 = 2776. What are the prime factors of t?
2, 13
Let t(n) be the second derivative of 7*n**3/3 - n**2/2 + 2*n. Let z be t(4). Suppose -5*c + 40 = -z. List the prime factors of c.
19
Suppose 79 = 5*r - 21. Suppose t - 2 = -2*q + 3*q, 0 = 5*q + t - r. Suppose 8 = -m + q*m. List the prime factors of m.
2
Let w(u) be the second derivative of u**4/4 - u**3/2 + 3*u**2/2 - u. Suppose -4*c + 5 = -3. What are the prime factors of w(c)?
3
Let z(d) = d**3 - 10*d**2 - d + 26. Let n be z(10). Suppose 21 = -c + 4*c. Let s = n - c. List the prime factors of s.
3
Suppose 0 = i + a - 5 - 1, -2 = 2*a. Let c = i + 10. List the prime factors of c.
17
Suppose -5 - 1 = -2*t. Suppose 6 = 3*y + t*p, 3*y = -y - 5*p + 10. Suppose 0 = -y*r + r - 4. List the prime factors of r.
2
Let n(b) = 2*b**2 - 11*b - 12. What are the prime factors of n(9)?
3, 17
Let v(q) = 5*q**2 - q**2 + q**2 - 3 + 8*q - 4*q**3 + 3*q**3. List the prime factors of v(6).
3
Suppose 4*i + 3*b = -0*b + 293, 4*i + b = 287. List the prime factors of i.
71
Let c(r) = -r**2 - 7*r + 2. Let n be c(-8). List the prime factors of n/(-15) - (-276)/10.
2, 7
Let m be (-4)/(((-8)/(-10))/(-2)). Let h = 14 - m. List the prime factors of h.
2
Let i be 3 + ((-2)/2 - -2). Let m be 1*(-2)/i*-2. What are the prime factors of (-141)/(-12) - m/(-4)?
2, 3
Suppose -4*l = -5*l. Suppose -3*t - 154 = 2*u - 7*u, -3*t - 9 = l. What are the prime factors of u?
29
Let d(l) = -7*l**3 - 2*l**2 - l - 6. List the prime factors of d(-2).
2, 11
List the prime factors of (-3)/(-1) + 29 + -2.
2, 3, 5
Let d(j) = 1 + 0 - j + 2*j. Let s be d(-3). List the prime factors of s/(-6) - 23/(-3).
2
Let l = -7 - -10. Suppose 4*g + 16 - 68 = -4*r, -2*r + 21 = 3*g. Suppose 2*m + 2*k - r = 0, l*k + 29 = 7*m - 3*m. List the prime factors of m.
2
Suppose c = 6*c - 110. What are the prime factors of c?
2, 11
Let x = -11 - -3. Let y = -2 - x. What are the prime factors of y?
2, 3
Let w(h) = -5 + 3 + 3*h - h**2 + h. Let c be w(2). Suppose 5*k - 10 - 32 = c*u, 50 = 3*k + 5*u. List the prime factors of k.
2, 5
Let n(s) = -s**2 + 8*s - 3. Let f = 9 - 5. Let y be (f/6)/(6/54). List the prime factors of n(y).
3
Let k = 0 - -4. Suppose 67 = -k*n + 15. Let j = 24 + n. List the prime factors of j.
11
Suppose 33 = 2*l + f, l + 0*l + 2*f = 18. Suppose 6*i = 5*i - 8. Let d = l + i. List the prime factors of d.
2
Suppose 0 = 210*v - 205*v - 1800. List the prime factors of v.
2, 3, 5
Suppose 5*u - 309 - 171 = 0. List the prime factors of u.
2, 3
Let b(x) = x**2 + 12*x + 13. Let r be b(-11). Let d(u) = -u**3 - 2*u**2 - 2. Let v be d(r). Let c = -10 - v. List the prime factors of c.
2
Let v(m) = -m**3 + 10*m**2 + 3. Let s be v(10). Suppose -5*z + 5*c + 45 = 0, z = -3*z - s*c + 64. What are the prime factors of z?
13
Let y = -8 - -8. Let i be y + 0 - 1/(-1). List the prime factor